tors of 2693?
2693
List the prime factors of 3050.
2, 5, 61
List the prime factors of 44252.
2, 13, 23, 37
List the prime factors of 94938.
2, 3, 15823
List the prime factors of 1266.
2, 3, 211
What are the prime factors of 914?
2, 457
What are the prime factors of 996?
2, 3, 83
What are the prime factors of 57403?
137, 419
What are the prime factors of 19?
19
What are the prime factors of 1092?
2, 3, 7, 13
What are the prime factors of 489?
3, 163
List the prime factors of 60815.
5, 12163
List the prime factors of 12152.
2, 7, 31
List the prime factors of 1139.
17, 67
List the prime factors of 741.
3, 13, 19
List the prime factors of 2757.
3, 919
List the prime factors of 891.
3, 11
What are the prime factors of 29915?
5, 31, 193
What are the prime factors of 2449?
31, 79
What are the prime factors of 9162?
2, 3, 509
What are the prime factors of 14336?
2, 7
What are the prime factors of 993?
3, 331
What are the prime factors of 17392?
2, 1087
What are the prime factors of 763?
7, 109
List the prime factors of 265.
5, 53
List the prime factors of 54929.
7, 19, 59
What are the prime factors of 10536?
2, 3, 439
What are the prime factors of 12131?
7, 1733
List the prime factors of 6941.
11, 631
List the prime factors of 2689.
2689
List the prime factors of 7357.
7, 1051
List the prime factors of 52398.
2, 3, 41, 71
List the prime factors of 94841.
94841
What are the prime factors of 160?
2, 5
What are the prime factors of 1641?
3, 547
What are the prime factors of 22813?
7, 3259
List the prime factors of 6482.
2, 7, 463
What are the prime factors of 1453?
1453
What are the prime factors of 2484?
2, 3, 23
List the prime factors of 3995.
5, 17, 47
What are the prime factors of 50835?
3, 5, 3389
List the prime factors of 263.
263
List the prime factors of 6404.
2, 1601
List the prime factors of 16974.
2, 3, 23, 41
What are the prime factors of 828?
2, 3, 23
What are the prime factors of 77006?
2, 139, 277
What are the prime factors of 208?
2, 13
What are the prime factors of 125989?
19, 349
List the prime factors of 19463.
19463
What are the prime factors of 1195?
5, 239
What are the prime factors of 4530?
2, 3, 5, 151
What are the prime factors of 531?
3, 59
What are the prime factors of 37931?
83, 457
What are the prime factors of 141?
3, 47
What are the prime factors of 191?
191
List the prime factors of 11173.
11173
List the prime factors of 1283.
1283
What are the prime factors of 672?
2, 3, 7
What are the prime factors of 3491?
3491
What are the prime factors of 14926?
2, 17, 439
What are the prime factors of 38921?
38921
What are the prime factors of 14573?
13, 19, 59
List the prime factors of 39077.
23, 1699
What are the prime factors of 631?
631
List the prime factors of 24880.
2, 5, 311
List the prime factors of 9341.
9341
List the prime factors of 1518.
2, 3, 11, 23
What are the prime factors of 66667?
163, 409
List the prime factors of 3529.
3529
List the prime factors of 14477.
31, 467
List the prime factors of 7998.
2, 3, 31, 43
What are the prime factors of 6282?
2, 3, 349
List the prime factors of 152553.
3, 211, 241
List the prime factors of 16449.
3, 5483
What are the prime factors of 125?
5
List the prime factors of 11350.
2, 5, 227
What are the prime factors of 1364?
2, 11, 31
What are the prime factors of 2837?
2837
What are the prime factors of 15846?
2, 3, 19, 139
List the prime factors of 4819.
61, 79
List the prime factors of 39546.
2, 3, 13
What are the prime factors of 2705?
5, 541
List the prime factors of 3344.
2, 11, 19
What are the prime factors of 1185?
3, 5, 79
What are the prime factors of 3964?
2, 991
What are the prime factors of 2799?
3, 311
What are the prime factors of 601?
601
List the prime factors of 3031.
7, 433
List the prime factors of 4135.
5, 827
List the prime factors of 1947.
3, 11, 59
What are the prime factors of 49081?
49081
What are the prime factors of 476?
2, 7, 17
List the prime factors of 43876.
2, 7, 1567
List the prime factors of 2202.
2, 3, 367
List the prime factors of 43142.
2, 11, 37, 53
What are the prime factors of 167259?
3, 127, 439
What are the prime factors of 26518?
2, 13259
What are the prime factors of 14273?
7, 2039
List the prime factors of 81707.
81707
What are the prime factors of 1031?
1031
What are the prime factors of 921?
3, 307
What are the prime factors of 86191?
7, 1759
What are the prime factors of 100500?
2, 3, 5, 67
List the prime factors of 603.
3, 67
List the prime factors of 45871.
7, 6553
What are the prime factors of 243?
3
List the prime factors of 19106.
2, 41, 233
List the prime factors of 778.
2, 389
What are the prime factors of 80?
2, 5
What are the prime factors of 588?
2, 3, 7
What are the prime factors of 57622?
2, 47, 613
List the prime factors of 12504.
2, 3, 521
List the prime factors of 2093.
7, 13, 23
What are the prime factors of 6453?
3, 239
What are the prime factors of 3886?
2, 29, 67
List the prime factors of 120517.
19, 6343
List the prime factors of 35682.
2, 3, 19, 313
List the prime factors of 68.
2, 17
List the prime factors of 6123.
3, 13, 157
List the prime factors of 246.
2, 3, 41
What are the prime factors of 519?
3, 173
List the prime factors of 3040.
2, 5, 19
List the prime factors of 64934.
2, 32467
List the prime factors of 52116.
2, 3, 43, 101
What are the prime factors of 157369?
17, 9257
List the prime factors of 645.
3, 5, 43
List the prime factors of 824.
2, 103
What are the prime factors of 134842?
2, 67421
What are the prime factors of 17803?
19, 937
List the prime factors of 695.
5, 139
List the prime factors of 990.
2, 3, 5, 11
List the prime factors of 56515.
5, 89, 127
What are the prime factors of 2213?
2213
What are the prime factors of 1315?
5, 263
List the prime factors of 1814.
2, 907
List the prime factors of 89227.
89227
What are the prime factors of 571?
571
What are the prime factors of 53086?
2, 11, 19, 127
What are the prime factors of 10308?
2, 3, 859
List the prime factors of 18338.
2, 53, 173
What are the prime factors of 1006?
2, 503
What are the prime factors of 9589?
43, 223
What are the prime factors of 3127?
53, 59
List the prime factors of 11647.
19, 613
What are the prime factors of 1512?
2, 3, 7
What are the prime factors of 6929?
13, 41
List the prime factors of 35038.
2, 17519
What are the prime factors of 6693?
3, 23, 97
What are the prime factors of 34884?
2, 3, 17, 19
List the prime factors of 36385.
5, 19, 383
List the prime factors of 1263.
3, 421
List the prime factors of 231.
3, 7, 11
List the prime factors of 1590.
2, 3, 5, 53
What are the prime factors of 199?
199
What are the prime factors of 103954?
2, 51977
What are the prime factors of 4285?
5, 857
List the prime factors of 1935.
3, 5, 43
List the prime factors of 1824.
2, 3, 19
List the prime factors of 712.
2, 89
List the prime factors of 8930.
2, 5, 19, 47
List the prime factors of 11627.
7, 11, 151
List the prime factors of 33978.
2, 3, 7, 809
What are the prime factors of 1187?
1187
What are the prime factors of 9082?
2, 19, 239
What are the prime factors of 9338?
2, 7, 23, 29
What are the prime factors of 5457?
3, 17, 107
What are the prime factors of 1811?
1811
What are the prime factors of 1499?
1499
What are the prime factors of 12795?
3, 5, 853
List the prime factors of 85820.
2, 5, 7, 613
List the prime factors of 247.
13, 19
What are the prime factors of 56969?
11, 5179
List the prime factors of 2664.
2, 3, 37
What are the prime factors of 10038?
2, 3, 7, 239
List the prime factors of 1244.
2, 311
What are the prime factors of 63838?
2, 59, 541
List the prime factors of 32104.
2, 4013
List the prime factors of 1126.
2, 563
What are the prime factors of 44358?
2, 3, 7393
What are the prime factors of 908?
2, 227
List the prime factors of 63898.
2, 43, 743
What are the prime factors of 344?
2, 43
List the prime factors of 7155.
3, 5, 53
What are the prime factors of 3338?
2, 1669
What are the prime factors of 4953?
3, 13, 127
List the prime factors of 1152.
2, 3
List the prime factors of 714.
2, 3, 7, 17
List the prime factors of 4001.
4001
List the prime factors of 114927.
3, 29, 1321
What are the prime factors of 2709?
3, 7, 43
What are the prime factors of 73394?
2, 36697
List the prime factors of 11350.
2, 5, 2